in base 12?
-5a
Convert -1 (base 11) to base 9.
-1
-20 (base 9) to base 10
-18
Convert -114 (base 5) to base 15.
-24
-200 (base 8) to base 5
-1003
-5 (base 13) to base 2
-101
Convert 12 (base 15) to base 4.
101
What is -6 (base 16) in base 11?
-6
Convert -d (base 14) to base 8.
-15
1a (base 12) to base 6
34
Convert 36 (base 14) to base 9.
53
-106 (base 7) to base 5
-210
What is 1 (base 14) in base 4?
1
What is 4 (base 11) in base 4?
10
1 (base 6) to base 16
1
100 (base 2) to base 6
4
2 (base 14) to base 4
2
20 (base 12) to base 10
24
Convert -10 (base 11) to base 2.
-1011
122 (base 5) to base 9
41
-5 (base 7) to base 13
-5
Convert 10 (base 11) to base 9.
12
What is 24 (base 13) in base 14?
22
-204 (base 5) to base 10
-54
-2 (base 15) to base 10
-2
Convert -38 (base 10) to base 13.
-2c
Convert 18 (base 13) to base 16.
15
What is 111100 (base 2) in base 14?
44
What is 1c (base 13) in base 14?
1b
What is -40 (base 5) in base 12?
-18
Convert -1 (base 10) to base 12.
-1
Convert 40 (base 14) to base 10.
56
-113 (base 9) to base 4
-1131
-43 (base 7) to base 4
-133
What is 1011 (base 2) in base 8?
13
What is -10 (base 4) in base 16?
-4
What is 2 (base 16) in base 5?
2
Convert -3 (base 16) to base 6.
-3
What is 101 (base 3) in base 11?
a
-15 (base 16) to base 7
-30
Convert -20 (base 16) to base 10.
-32
2 (base 8) to base 11
2
Convert 3 (base 15) to base 9.
3
-20 (base 3) to base 7
-6
What is -11 (base 6) in base 13?
-7
Convert -c (base 16) to base 4.
-30
Convert -100010 (base 2) to base 12.
-2a
What is -35 (base 10) in base 5?
-120
What is -12 (base 10) in base 16?
-c
What is -c (base 14) in base 2?
-1100
1 (base 5) to base 15
1
Convert -4 (base 6) to base 2.
-100
What is -34 (base 7) in base 12?
-21
What is 4 (base 6) in base 14?
4
What is -3 (base 15) in base 10?
-3
Convert -4 (base 13) to base 7.
-4
What is -36 (base 8) in base 3?
-1010
What is 33 (base 14) in base 4?
231
What is 15 (base 6) in base 14?
b
What is 9 (base 15) in base 16?
9
-2 (base 8) to base 15
-2
Convert -34 (base 12) to base 15.
-2a
0 (base 3) to base 2
0
Convert -18 (base 13) to base 7.
-30
-10 (base 13) to base 3
-111
-111 (base 2) to base 8
-7
Convert 50 (base 11) to base 3.
2001
6 (base 16) to base 11
6
36 (base 12) to base 5
132
What is -2 (base 15) in base 7?
-2
Convert 2 (base 14) to base 3.
2
Convert 87 (base 9) to base 15.
54
102 (base 10) to base 11
93
What is -2 (base 3) in base 11?
-2
Convert -4 (base 8) to base 7.
-4
What is -2 (base 8) in base 11?
-2
Convert 17 (base 11) to base 12.
16
Convert 29 (base 12) to base 14.
25
1011001 (base 2) to base 3
10022
What is -10001 (base 2) in base 14?
-13
69 (base 14) to base 5
333
-2 (base 4) to base 12
-2
What is 164 (base 11) in base 8?
277
Convert -25 (base 14) to base 10.
-33
What is -3013 (base 4) in base 5?
-1244
What is -2 (base 6) in base 7?
-2
Convert -21 (base 13) to base 16.
-1b
48 (base 9) to base 14
32
What is -110000101 (base 2) in base 8?
-605
-4 (base 7) to base 12
-4
What is -4 (base 6) in base 12?
-4
Convert 3 (base 5) to base 14.
3
What is 0 (base 10) in base 14?
0
Convert -1000111 (base 2) to base 16.
-47
What is 124 (base 5) in base 2?
100111
10101 (base 2) to base 4
111
-13 (base 5) to base 7
-11
145 (base 7) to base 5
312
-6 (base 13) to base 6
-10
What is 1 (base 6) in base 5?
1
1 (base 16) to base 11
1
What is 1 (base 13) in base 4?
1
-25 (base 8) to base 13
-18
What is 10 (base 7) in base 11?
7
-39 (base 11) to base 3
-1120
What is 21 (base 12) in base 8?
31
What is -2 (base 14) in base 9?
-2
What is -1 (base 12) in base 8?
-1
What is -45 (base 13) in base 12?
-49
34 (base 14) to base 12
3a
Convert 12 (base 9) to base 7.
14
What is -55 (base 7) in base 14?
-2c
What is 111 (base 5) in base 3?
1011
3 (base 13) to base 10
3
Convert 31 (base 16) to base 9.
54
-133 (base 13) to base 5
-1321
Convert -11 (base 3) to base 8.
-4
What is 1111 (base 2) in base 9?
16
11 (base 2) to base 3
10
-88 (base 11) to base 2
-1100000
Convert -15 (base 8) to base 11.
-12
What is 201 (base 4) in base 15?
23
What is 1 (base 5) in base 6?
1
Convert -2 (base 11) to base 13.
-2
Convert 2103 (base 4) to base 14.
a7
What is -5 (base 12) in base 15?
-5
What is -42 (base 10) in base 5?
-132
Convert 44 (base 12) to base 3.
1221
10110101 (base 2) to base 16
b5
1000 (base 2) to base 15
8
102 (base 8) to base 2
1000010
-4 (base 7) to base 5
-4
Convert 0 (base 12) to base 10.
0
Convert 1b (base 12) to base 8.
27
-2 (base 15) to base 9
-2
What is 19 (base 14) in base 8?
27
What is 1202 (base 3) in base 16?
2f
40 (base 6) to base 12
20
Convert -37 (base 14) to base 3.
-1211
-5 (base 9) to base 5
-10
What is 12 (base 3) in base 5?
10
Convert 1 (base 11) to base 6.
1
Convert -54 (base 7) to base 13.
-30
Convert 12 (base 9) to base 16.
b
What is 53 (base 6) in base 3?
1020
What is -9 (base 11) in base 16?
-9
84 (base 13) to base 5
413
What is 54 (base 8) in base 13?
35
-333 (base 4) to base 12
-53
39 (base 12) to base 14
33
19a (base 12) to base 14
14a
Convert 21 (base 6) to base 7.
16
-12 (base 13) to base 4
-33
Convert -3 (base 15) to base 6.
-3
What is 1 (base 5) in base 16?
1
Convert 20 (base 13) to base 16.
1a
-10 (base 2) to base 9
-2
What is b9 (base 13) in base 5?
1102
Convert 5 (base 14) to base 4.
11
What is -33 (base 8) in base 5?
-102
Convert 2 (base 12) to base 3.
2
Convert -3 (base 6) to base 14.
-3
What is 11 (base 2) in base 7?
3
-11 (base 3) to base 8
-4
What is 88 (base 9) in base 4?
1100
b (base 14) to base 5
21
-1 (base 9) to base 5
-1
156 (base 7) to base 10
90
-330 (base 6) to base 13
-99
What is 5 (base 11) in base 8?
5
What is -36 (base 14) in base 11?
-44
Convert 4 (base 14) to base 13.
4
Convert -30 (base 14) to base 5.
-132
-15 (base 8) to base 7
-16
-11111 (base 2) to base 8
-37
4 (base 12) to base 14
4
Convert 2 (base 15) to base 9.
2
What is -28 (base 10) in base 3?
-1001
What is 13 (base 8) in base 5?
21
What is -2 (base 10) in base 5?
-2
What is 332 (base 9) in base 14?
156
What is 2 (base 11) in base 10?
2
-12 (base 4) to base 9
-6
Convert 3 (base 6) to base 9.
3
Convert 1 (base 14) to base 11.
1
Convert -16 (base 13) to base 15.
-14
Convert -5 (base 14) to base 8.
-5
What is -12 (base 15) in base 9?
-18
What is -47 (base 14) in base 7?
-120
0 (base 11) to base 3
0
412 (base 6) to base 10
152
11 (base 9) to base 11
a
What is a (base 15) in base 12?
a
2132 (base 4) to base 15
a8
What is 6 (base 16) in base 12?
6
What is 311 (base 5) in base 3?
10000
Convert 5 (base 12) to base 16.
5
What is -4a (base 11) in base 7?
-105
Convert 2 (base 15) to base 2.
10
202 (base 4) to base 3
1021
What is -14 (base 11) in base 7?
-21
What is 1a (base 13) in base 8?
27
Convert -1 (base 13) to base 12.
-1
Convert -9 (base 12) to base 6.
-13
What is -a0 (base 14) in base 3?
-12012
What is 2a (base 12) in base 5?
114
157 (base 8) to base 5
421
What is 1 (base 13) in base 9?
1
-2 (base 12) to base 16
-2
1011001 (base 2) to base 13
6b
-c (base 16) to base 13
-c
What is -3 (base 8) in base 2?
-11
Convert 16 (base 11) to base 2.
10001
Convert 3e (base 15) to base 7.
113
Convert 2 (base 10) to base 8.
2
What is 1 (base 3) in base 10?
1
-101 (base 2) to base 13
-5
Convert 15 (base 9) to base 6.
22
Convert 3 (base 11) to base 13.
3
Convert -44 (base 6) to base 15.
-1d
What is -1 (base 14) in base 4?
-1
Convert -37 (base 15) to base 13.
-40
-c (base 15) to base 7
-15
2020 (base 3) to base 13
48
Convert -1 (base 5) to base 10.
-1
What is -10001 (base 3) in base 10?
-82
-70 (base 16) to base 6
-304
What is -111 (base 2) in base 13?
-7
Convert 2 (base 9) to base 3.
2
Convert -13 (base 7) to base 5.
-20
Convert -b (base 13) to base 11.
-10
What is 6 (base 11) in base 9?
6
Convert 7 (base 9) to base 3.
21
13 (base 8) to base 15
b
Convert -42 (base 6) to base 11.
-24
Convert 1 (base 5) to base 14.
1
What is 30 (base 15) in base 11?
41
What is 10 (base 5) in base 10?
5
-200 (base 7) to base 12
-82
What is -12 (base 3) in base 14?
-5
What is 1 (base 13) in base 7?
1
Convert -223 (base 6) to base 3.
-10020
What is 25 (base 6) in base 9?
18
-39 (base 11) to base 2
-101010
Convert -13 (base 5) to base 11.
-8
3 (base 8) to base 15
3
Convert 1 (base 12) to base 10.
1
What is -76 (base 16) in base 9?
-141
What is -7 (base 11) in base 5?
-12
-b (base 